{"id":526,"date":"2018-06-25T17:31:34","date_gmt":"2018-06-25T15:31:34","guid":{"rendered":"http:\/\/www.buchhaltungundmehr.at\/home\/?page_id=526"},"modified":"2018-08-08T12:15:12","modified_gmt":"2018-08-08T10:15:12","slug":"controlling","status":"publish","type":"page","link":"https:\/\/www.buchhaltungundmehr.at\/home\/controlling\/","title":{"rendered":"Controlling"},"content":{"rendered":"<p>[vc_row container=&#8220;1&#8243; css=&#8220;.vc_custom_1461516622171{margin-top: 80px !important;}&#8220;][vc_column width=&#8220;3\/12&#8243;][vc_wp_custommenu nav_menu=&#8220;21&#8243;][\/vc_column][vc_column width=&#8220;9\/12&#8243;][vc_column_text]<\/p>\n<div class=\"post-header\">\n<h2>Controlling<\/h2>\n<\/div>\n<div class=\"post-desc\">\n<div class=\"text\">\n<p>F\u00fcr diejenigen, die gerne eine Nasenl\u00e4nge voraus sind. Ich helfe Ihnen dabei, auf Ihr Unternehmen ma\u00dfgeschneiderte Kennzahlen zu finden. Und bei der Planung Ihres ersten oder n\u00e4chsten Gesch\u00e4ftsjahres. Und bei Abweichungsanalysen. Damit nichts dem Zufall \u00fcberlassen wird. Oder auch einfach nur, weil eine Bank es verlangt.<\/p>\n<p>Apropos Kennzahlen: Typische Finanzkennzahlen wie Gewinn, Cash-Flow, oder Return on Investment sind sogenannte Sp\u00e4tindikatoren, und stellen den bilanzierenden Unternehmer vor ein Resultat, das in diesem Augenblick zwar interessant aber nicht mehr beeinflussbar ist. Diese Kennzahlen m\u00fcssen nat\u00fcrlich trotzdem oft f\u00fcr externe Interessenten (wie z.B. Banken) errechnet werden. F\u00fcr Betriebe mit Einnahmen-Ausgaben-Rechnung sind viele typische Finanzkennzahlen aufgrund der vereinfachten Buchf\u00fchrung meist nicht einmal berechenbar.<\/p>\n<p>Will man die Steuerung eines Unternehmens bewusst in die Hand nehmen, w\u00e4re es jedoch oft zielf\u00fchrender, sich die Faktoren anzusehen, die den Gewinn dieses Unternehmens im Vorfeld beeinflussen. Diese sogenannten Fr\u00fchindikatoren herauszufinden und f\u00fcr die Steuerung Ihres Unternehmens heranzuziehen, k\u00f6nnte unliebsame \u00dcberraschungen drastisch reduzieren oder sogar vermeiden. Ich helfe Ihnen gerne dabei, die f\u00fcr Ihr Unternehmen essenziellen Kennzahlen zu finden.<\/p>\n<\/div>\n<\/div>\n<p>[\/vc_column_text][vc_row_inner][vc_column_inner width=&#8220;1\/2&#8243;][vc_single_image image=&#8220;573&#8243; img_size=&#8220;full&#8220;][\/vc_column_inner][vc_column_inner width=&#8220;1\/2&#8243;][vc_single_image image=&#8220;571&#8243; img_size=&#8220;full&#8220;][\/vc_column_inner][\/vc_row_inner][\/vc_column][\/vc_row][vc_row][vc_column]\r\n   <!--Parallax Section-->\r\n    <section class=\"parallax-section style-two\"  style=\"background:#000 url();background-attachment: fixed;\">\r\n    \t<div class=\"auto-container text-center\">\r\n        \t<div class=\"row clearfix\">\r\n            \t<h4 class=\"subtitle\">Lassen Sie das, was unter dem Strich f\u00fcr Sie \u00fcber bleibt, nicht dem Zufall \u00fcber! <\/h4>\r\n                <h2>Werden Sie zum Steuermann Ihres Unternehmens! <\/h2>\r\n                <a href=\"https:\/\/www.buchhaltungundmehr.at\/home\/kontakt\/\" class=\"theme-btn btn-style-six\">KONTAKT<span class=\"icon icon-right flaticon-right11\"><\/span><\/a>\r\n            <\/div>\r\n        <\/div>\r\n    <\/section>   \r\n\r\n\r\n[\/vc_column][\/vc_row]<\/p>\n","protected":false},"excerpt":{"rendered":"<p>[vc_row container=&#8220;1&#8243; css=&#8220;.vc_custom_1461516622171{margin-top: 80px !important;}&#8220;][vc_column width=&#8220;3\/12&#8243;][vc_wp_custommenu nav_menu=&#8220;21&#8243;][\/vc_column][vc_column width=&#8220;9\/12&#8243;][vc_column_text] Controlling F\u00fcr diejenigen, die gerne eine Nasenl\u00e4nge voraus sind. Ich helfe Ihnen dabei, auf Ihr Unternehmen ma\u00dfgeschneiderte Kennzahlen zu finden. Und bei der Planung Ihres ersten oder n\u00e4chsten Gesch\u00e4ftsjahres. Und bei Abweichungsanalysen. Damit nichts dem Zufall \u00fcberlassen wird. Oder auch einfach nur, weil eine Bank es verlangt.<\/p>\n","protected":false},"author":1,"featured_media":0,"parent":0,"menu_order":0,"comment_status":"closed","ping_status":"closed","template":"tpl-visual_composer.php","meta":{"footnotes":""},"class_list":["post-526","page","type-page","status-publish","hentry"],"_links":{"self":[{"href":"https:\/\/www.buchhaltungundmehr.at\/home\/wp-json\/wp\/v2\/pages\/526","targetHints":{"allow":["GET"]}}],"collection":[{"href":"https:\/\/www.buchhaltungundmehr.at\/home\/wp-json\/wp\/v2\/pages"}],"about":[{"href":"https:\/\/www.buchhaltungundmehr.at\/home\/wp-json\/wp\/v2\/types\/page"}],"author":[{"embeddable":true,"href":"https:\/\/www.buchhaltungundmehr.at\/home\/wp-json\/wp\/v2\/users\/1"}],"replies":[{"embeddable":true,"href":"https:\/\/www.buchhaltungundmehr.at\/home\/wp-json\/wp\/v2\/comments?post=526"}],"version-history":[{"count":5,"href":"https:\/\/www.buchhaltungundmehr.at\/home\/wp-json\/wp\/v2\/pages\/526\/revisions"}],"predecessor-version":[{"id":748,"href":"https:\/\/www.buchhaltungundmehr.at\/home\/wp-json\/wp\/v2\/pages\/526\/revisions\/748"}],"wp:attachment":[{"href":"https:\/\/www.buchhaltungundmehr.at\/home\/wp-json\/wp\/v2\/media?parent=526"}],"curies":[{"name":"wp","href":"https:\/\/api.w.org\/{rel}","templated":true}]}}